{"id":4452,"date":"2021-03-17T12:02:15","date_gmt":"2021-03-17T18:02:15","guid":{"rendered":"https:\/\/machackz.com\/?page_id=4452"},"modified":"2021-03-17T16:06:53","modified_gmt":"2021-03-17T22:06:53","slug":"instalacion-de-ssd","status":"publish","type":"page","link":"https:\/\/machackz.com\/index.php\/instalacion-de-ssd\/","title":{"rendered":"Instalaci\u00f3n de SSD"},"content":{"rendered":"<p>Muchas veces pensamos que nuestro equipo Mac se est\u00e1 haciendo obsoleto por el simple hecho de tener algunos a\u00f1os de antig\u00fcedad, que tenemos muchos archivos guardados o que nos ha infectado alg\u00fan virus o troyano.<\/p>\n<p>Una de las recomendaciones que hacemos en Mac Hackz es reemplazar tu disco duro original por un SSD. Puesto que las unidades de estado s\u00f3lido almacenan los archivos en unidades flash utilizan menor cantidad de energ\u00eda, recursos del equipo y velocidad de lectura \/ escritura.<\/p>\n<p>A continuaci\u00f3n te mostramos un video que hemos realizado para demostrar el proceso de arranque de un equipo Mac con su disco duro mec\u00e1nico vs un SSD.<\/p>\n<p><iframe loading=\"lazy\" title=\"Mira lo que un SDD puede hacer por tu Mac antigua\" width=\"525\" height=\"295\" src=\"https:\/\/www.youtube.com\/embed\/LOEPeAajFeE?start=1&#038;feature=oembed\" frameborder=\"0\" allow=\"accelerometer; autoplay; clipboard-write; encrypted-media; gyroscope; picture-in-picture; web-share\" referrerpolicy=\"strict-origin-when-cross-origin\" allowfullscreen><\/iframe><br \/>\n<a role=\"button\" href=\"https:\/\/machackz.com\/index.php\/categoria-producto\/ssd\/\"><br \/>\nComprar SSD<br \/>\n<\/a><\/p>\n<p>Como siempre te recomendamos despejar todas tus dudas con nosotros a trav\u00e9s de WhatsApp, no olvides enviar el\u00a0<a href=\"https:\/\/machackz.com\/index.php\/2021\/03\/15\/cual-es-el-numero-de-serie-de-mi-equipo-mac\/\" target=\"_blank\" rel=\"noopener\">n\u00famero de serie<\/a>\u00a0de tu equipo para la propia identificaci\u00f3n del mismo y darte una respuesta en tiempo y forma.<\/p>\n","protected":false},"excerpt":{"rendered":"<p>Muchas veces pensamos que nuestro equipo Mac se est\u00e1 haciendo obsoleto por el simple hecho de tener algunos a\u00f1os de antig\u00fcedad, que tenemos muchos archivos guardados o que nos ha infectado alg\u00fan virus o troyano. Una de las recomendaciones que hacemos en Mac Hackz es reemplazar tu disco duro original por un SSD. Puesto que &hellip; <\/p>\n<p class=\"link-more\"><a href=\"https:\/\/machackz.com\/index.php\/instalacion-de-ssd\/\" class=\"more-link\">Continuar leyendo<span class=\"screen-reader-text\"> &#8220;Instalaci\u00f3n de SSD&#8221;<\/span><\/a><\/p>\n","protected":false},"author":1,"featured_media":4409,"parent":0,"menu_order":0,"comment_status":"closed","ping_status":"closed","template":"","meta":{"_joinchat":[],"footnotes":""},"class_list":["post-4452","page","type-page","status-publish","has-post-thumbnail","hentry"],"_links":{"self":[{"href":"https:\/\/machackz.com\/index.php\/wp-json\/wp\/v2\/pages\/4452"}],"collection":[{"href":"https:\/\/machackz.com\/index.php\/wp-json\/wp\/v2\/pages"}],"about":[{"href":"https:\/\/machackz.com\/index.php\/wp-json\/wp\/v2\/types\/page"}],"author":[{"embeddable":true,"href":"https:\/\/machackz.com\/index.php\/wp-json\/wp\/v2\/users\/1"}],"replies":[{"embeddable":true,"href":"https:\/\/machackz.com\/index.php\/wp-json\/wp\/v2\/comments?post=4452"}],"version-history":[{"count":5,"href":"https:\/\/machackz.com\/index.php\/wp-json\/wp\/v2\/pages\/4452\/revisions"}],"predecessor-version":[{"id":4460,"href":"https:\/\/machackz.com\/index.php\/wp-json\/wp\/v2\/pages\/4452\/revisions\/4460"}],"wp:featuredmedia":[{"embeddable":true,"href":"https:\/\/machackz.com\/index.php\/wp-json\/wp\/v2\/media\/4409"}],"wp:attachment":[{"href":"https:\/\/machackz.com\/index.php\/wp-json\/wp\/v2\/media?parent=4452"}],"curies":[{"name":"wp","href":"https:\/\/api.w.org\/{rel}","templated":true}]}}